er when 92 is divided by -2 + (50 - -2 - 3).
45
Suppose -5*g + 0*g + 75 = 0. Let w = 313 - 304. What is the remainder when g is divided by w?
6
Suppose -24*v + 2148 = -12*v. Calculate the remainder when v is divided by 30.
29
Let i = 10 - 8. What is the remainder when 1 + -2 + (13 - i) is divided by 6?
4
Calculate the remainder when (4/(-4)*-3)/1 is divided by 2.
1
Let c be 52/12 - 4/(-6). Suppose 0 = c*h - 0*h. Suppose 0*g - 2*g + 14 = h. Calculate the remainder when 20 is divided by g.
6
Let m = -46 - -72. Calculate the remainder when 128 is divided by m.
24
Suppose -36 = -l - 5*j, 3*l - 5*j - 60 = -2*l. Let h = 195 - 116. Suppose 3*k - 3*o - h = 2, 0 = 4*o - 16. What is the remainder when k is divided by l?
15
Suppose -h = -2*h + 4. Let n(s) = 3*s + 1. Suppose -91 = -3*b + 2*j + 2*j, j - 121 = -5*b. What is the remainder when b is divided by n(h)?
12
Let b = -8 + 4. Let n = 1 - b. Calculate the remainder when 8 is divided by n.
3
Let q be 0/(1 + (-1)/(-1)). Suppose q*h + 4*a = -h - 6, 0 = -h - 2*a - 2. Calculate the remainder when 3 is divided by h.
1
Let p = -8 + 18. Calculate the remainder when (315/p)/((-2)/(-4)) is divided by 16.
15
Let c = 38 + -12. Calculate the remainder when c is divided by 10.
6
Let h = -7 - -7. Suppose h*d - 5*d = -10. Calculate the remainder when 3 is divided by d.
1
Suppose 5*a = -3 + 18. Let r(d) = d**3 - 4*d**2 + 4*d. Let b be r(a). Suppose -b*j + 3 = -39. Calculate the remainder when j is divided by 8.
6
Let s(z) = z**2 - 5*z + 2. Calculate the remainder when 204 is divided by s(-5).
48
Let o(l) = -l**2 + l + 17. What is the remainder when o(0) is divided by 6?
5
Suppose -l = 10 - 12. Let b be 2 + -2 + 0 + 77. Suppose 0 = -l*h + b - 1. Calculate the remainder when h is divided by 20.
18
What is the remainder when 8 is divided by 21/(-6)*36/(-21)?
2
Let w = 26 + -7. Suppose 5*o - 26 = w. Suppose -3*k - 25 = -8*k. Calculate the remainder when o is divided by k.
4
Suppose 4*g + 0*g - 60 = 0. Calculate the remainder when 27 is divided by g.
12
Let r(l) = l + 29. Calculate the remainder when r(18) is divided by 17.
13
Suppose -2*k = -0*k - 4, 0 = -5*x - 3*k + 21. Calculate the remainder when -4*(1 + 0)*-1 is divided by x.
1
Let w = -5 + 11. What is the remainder when 52 is divided by 16 - (-5)/(15/w)?
16
Suppose 37 = v - 0*v. Let s be (48/(-9))/((-2)/3). Calculate the remainder when v is divided by (-13)/(-5)*(s + -3).
11
Let w(u) = u**2 + 5*u - 10. Let k = 34 - 24. Suppose -2*i - k = -90. Calculate the remainder when i is divided by w(-8).
12
Let i(o) = 18*o - 3. Let d = 38 + -29. What is the remainder when i(2) is divided by d?
6
Suppose 0 - 16 = -4*d, 0 = 3*y + 2*d + 37. Let b = -11 - y. What is the remainder when 13 is divided by b?
1
Calculate the remainder when 150/4*18/15 is divided by (-6)/9 + (-142)/(-6).
22
Let j = 54 + -47. Calculate the remainder when 31 is divided by j.
3
Let w = -22 - -42. Suppose -5*b - 3*q + w = -0*b, -5*b + 3*q + 50 = 0. What is the remainder when 19 is divided by b?
5
Suppose 0*u - 5*u = 0. What is the remainder when 53 is divided by u/(-2 - -6) - -27?
26
Let u(d) = 2*d**3 - d**2 - d. Let r = -370 - -398. What is the remainder when r is divided by u(2)?
8
Let q = -3 - -8. Let b be (34/4)/((-3)/(-6)). Suppose -b + 1 = -2*m. Calculate the remainder when m is divided by q.
3
Let y(t) = -t**3 + 6*t**2 - 4*t - 4. What is the remainder when 59 is divided by y(4)?
11
Suppose r - 2*r = -34. Calculate the remainder when r is divided by 12.
10
Let o = -155 - -237. Suppose 11*t - 213 - 18 = 0. What is the remainder when o is divided by t?
19
Let d(x) = x - 2. Let w be d(7). Suppose -5*a + 76 + 49 = -5*k, -2*a + w*k + 44 = 0. Calculate the remainder when a is divided by 15.
12
Suppose 3*l - 41 = -8. Let f(u) = 29*u - 10. Let j be f(4). Let a = j + -74. What is the remainder when a is divided by l?
10
Calculate the remainder when 195 is divided by (-746)/(-30) - (-86)/645.
20
Suppose 243 = 27*v - 18*v. Let o(r) = 2*r - 3. Calculate the remainder when v is divided by o(5).
6
Suppose 0 = -39*q + 40*q - 70. Calculate the remainder when q is divided by 19.
13
Suppose 0 = -3*h - 10*h + 1430. What is the remainder when h is divided by 37?
36
Let u(r) = 21*r + 3. Let c = -6 - -14. Let o be u(c). Suppose -2*f = 3*m - 73, 2*f - o = -3*f + 4*m. What is the remainder when f is divided by 18?
17
What is the remainder when (-69)/9*(-3 - 0) is divided by 8?
7
Let u(y) = y**2 + 2*y. Calculate the remainder when u(2) is divided by 2.
0
Suppose 2*j = -2*c + 13 + 13, 5*c = 2*j + 51. What is the remainder when 109 is divided by c?
10
Let m(r) = 38*r**2 - r. Calculate the remainder when m(-1) is divided by 0 - (-11 + 3 + -2).
9
Suppose 2*a + 1 = 45. What is the remainder when 41 is divided by a?
19
Let y be (2/(-3))/((-4)/(-6)). Let k = y + 33. Calculate the remainder when k is divided by 17.
15
Let u = -15 + 18. Calculate the remainder when 9 is divided by u.
0
Calculate the remainder when 25 is divided by 6 - ((0 - 2) + 1).
4
Calculate the remainder when ((-2)/4)/((-6)/264) is divided by 6.
4
Suppose 25 = 3*b + 2*b. Suppose -42 = -b*u + 3. Calculate the remainder when 16 is divided by u.
7
Suppose 91 + 79 = 5*j. Suppose j = 4*q + 10. Let w = 37 - 21. What is the remainder when w is divided by q?
4
Calculate the remainder when 162 is divided by 1539/38 - ((-6)/4 + 1).
39
Let v(k) = 9*k - 21. Let i = -9 + 21. Let r = i + -3. What is the remainder when v(6) is divided by r?
6
Suppose q = 3*s - 15, -14 - 11 = -5*s + 3*q. Suppose -3 - 2 = -5*i. What is the remainder when (-51)/(-6) + i/(-2) is divided by s?
3
Let u be (-1 + -43)/(6/(-3)). Let t = u + -13. What is the remainder when 15 is divided by t?
6
Suppose 3*t - 29 = -5*z + 14, -3*z = -3*t + 27. Calculate the remainder when 74 is divided by t.
8
Suppose -75 = -12*u + 69. Let a(l) = -l**2 + 6*l. What is the remainder when u is divided by a(5)?
2
Suppose -2*w + 14 = w + 4*s, 0 = -5*w + 2*s + 32. Suppose 4*v + w = 5*v. Suppose 0 = 5*t + 4*t - 36. What is the remainder when v is divided by t?
2
What is the remainder when 18 is divided by 126/12 + (-3)/6?
8
Suppose 4*g = -3*q + 24, g + 3*g = 3*q. Let d(u) = u. Suppose -8 - 12 = -5*v. What is the remainder when d(v) is divided by g?
1
Let l(t) = t**2 + 2*t - 3. Let m(b) = -37*b - 67. Calculate the remainder when l(3) is divided by m(-2).
5
Suppose 4*v + 9 = 69. Let b = -48 + 105. What is the remainder when b is divided by v?
12
Let s be (-40)/12*(-42)/(-5). Let q = -17 - s. Calculate the remainder when 21 is divided by q.
10
Suppose 0*x = -2*x + 12. Calculate the remainder when 2/(1/x*1) is divided by 7.
5
Suppose 2*j = -5*q + 98, 3*j = q - 5*q + 77. Suppose 7 + 13 = 4*k - 4*u, 0 = 5*k - 4*u - 27. What is the remainder when q is divided by k?
6
Suppose -9*w = -11*w + 78. What is the remainder when w is divided by 14?
11
Let d(l) = -l**3 - 3*l**2 + 3*l. Calculate the remainder when 103 is divided by d(-5).
33
Let d(u) = 4*u**3 + 4*u**2 - 4*u. Let x(w) = 4*w**2 - 2*w + 2. What is the remainder when x(2) is divided by d(1)?
2
Suppose 14 = -v - 4*b, -v - v - 4*b - 16 = 0. What is the remainder when v - ((-276)/(-2))/(-3) is divided by 23?
21
Let n(g) = -g + 2. What is the remainder when n(1) is divided by 1?
0
Let b = -6 - -6. What is the remainder when -2 + (b - 1) + 61 is divided by 15?
13
Suppose -39 = -5*a - 3*p, p - 4*p = 6. Calculate the remainder when 26 is divided by a.
8
Let b(m) = 4*m + 1. Let n be 1/2*(0 - -4). Suppose 0 = -4*l + 126 + n. Calculate the remainder when l is divided by b(4).
15
Let q(c) = 9*c - 11. Calculate the remainder when q(7) is divided by 11.
8
Let k be ((-3)/2 - 0)*-2. Suppose -5*w = k*d - 77, -56 = -4*w + d - 2*d. What is the remainder when 37 is divided by w?
11
Suppose -19*r + 96 = -16*r. What is the remainder when r is divided by 2*((-34)/(-4) - 0)?
15
Suppose 2 = 3*x - 4. Suppose 31 = x*o + 3. Calculate the remainder when 40 is divided by o.
12
Let q = 136 + -79. Calculate the remainder when q is divided by (-15)/(-2)*(-1 + 3).
12
Let b be 28/14*(-56)/2. Let m = b + 88. Calculate the remainder when 61 is divided by m.
29
Suppose 0 = 5*o + 10, -l = -3*l + 3*o + 40. What is the remainder when l is divided by 7?
3
Suppose 3*a = -0 + 6. Let l be 1 + -4 - (-38)/2. Suppose 2*r - l = 